 = 8. Suppose -510 = -0*y - 34*y. What is the highest common factor of c and y?
15
Let h be 3 + (3 - (2 + 2))*-1. Suppose 4*v - 20 = -v. What is the greatest common factor of h and v?
4
Suppose 4*x + 15 + 9 = 0. Let u = -3 - x. Let c be (-76)/(-6) + 1/u. What is the greatest common divisor of 13 and c?
13
Let f = -3 - -7. Suppose -3*y + 0*v + 41 = v, -f*v = -8. Calculate the highest common factor of 39 and y.
13
Suppose -5*t = -2*z - 454, 167 = -4*t + 3*z + 533. Calculate the highest common factor of t and 36.
18
Let d = -199 - -388. What is the greatest common divisor of d and 21?
21
Let g = -1062 + 1492. Calculate the highest common divisor of 43 and g.
43
Suppose 2*b - 7 = -1. Suppose a - b*h = -0*a + 80, -5*h = -25. Calculate the greatest common factor of 38 and a.
19
Let g be (-89)/(-4) + (-2)/8. Suppose 4*l = 5*t + 29, 0 = 5*l + 2*t + 17 - 45. Let m be 2 + g*l/4. Calculate the greatest common factor of 5 and m.
5
Suppose 0 = -4*v + 2*s - 6*s + 492, 3*v = 2*s + 384. What is the highest common divisor of v and 18?
18
Suppose -5*w - 2*o + 249 = 0, 23 + 128 = 3*w + 2*o. Calculate the highest common divisor of 7 and w.
7
Let f = -84 + 94. Calculate the greatest common factor of f and 40.
10
Let g = 53 - 50. Calculate the highest common factor of g and 6.
3
Let f be 6/(-1 - (-2 - -2)). Suppose -2*v = -3*i + 32, -2*i = -0*i - v - 20. Let q = f + i. What is the greatest common factor of q and 18?
2
Suppose 6*b - 417 - 339 = 0. What is the highest common factor of 14 and b?
14
Let l = -18 + 10. Let q = -2 - l. Calculate the highest common factor of 4 and q.
2
Let m(y) = -y + 1. Let a = -16 - -9. Let t be m(a). Calculate the greatest common factor of 4 and t.
4
Let c(j) = 6*j - 3. Let s be 1 - (-7)/(7/4). Let l be c(s). What is the greatest common factor of l and 297?
27
Let q(z) = 2*z**2 + 0 + z + 2*z**2 - 2 + 4. Let y be q(2). Suppose -g - 2*b - 1 = -3, 4*g + 2*b - y = 0. Calculate the greatest common divisor of g and 4.
2
Suppose -5*r - 3*v - 36 = -8*r, -15 = -r + 2*v. Calculate the greatest common factor of 45 and r.
9
Let w be ((-1)/5)/(11/(-715)). Calculate the greatest common factor of w and 143.
13
Suppose 2*u - 781 = -4*x - 271, -u = 3*x - 381. What is the greatest common factor of 18 and x?
18
Let o = -33 - -50. What is the greatest common factor of 323 and o?
17
Let o be 0/(-1) + 12/4. Suppose o*n - 650 = -2*n. What is the highest common factor of n and 13?
13
Let r(d) = 3*d**2 - 2*d + 3. Let s be (3/(-1))/6*-4. Let h be r(s). Calculate the highest common divisor of 11 and h.
11
Suppose -5*m = -2*m - 180. Suppose t + 2*t = m. Let w be -4 - 1/((-5)/820). What is the greatest common divisor of w and t?
20
Let i be 150/8*(-112)/(-21). Calculate the highest common factor of 150 and i.
50
Let i = 61 - 49. Calculate the highest common factor of 6 and i.
6
Let l = 17 - 1. Let k be 2 + -2 + 6 + -1. Suppose -k*h + 3 + 7 = 0. Calculate the greatest common divisor of h and l.
2
Let a(x) = -33*x + 4. Let i be a(-2). What is the greatest common factor of i and 10?
10
Suppose 0 = -4*f + 16 + 24. What is the greatest common factor of f and 30?
10
Suppose 3*x - 4*x + 11 = 0. What is the highest common factor of x and 55?
11
Let x be 900/81 - (-1)/(-9). Calculate the highest common divisor of 99 and x.
11
Suppose 4*m + 12 - 80 = 0. Let w = -1 + 3. Let r be (-1)/(w/374*-1). What is the highest common factor of m and r?
17
Let n be (-3)/(-12)*0 + -93. Let o = n + 133. Calculate the greatest common factor of 100 and o.
20
Let r(h) = -3*h. Let s be r(-5). Let k be (-24)/(-10) + (-6)/s. Calculate the greatest common factor of 14 and k.
2
Suppose 0 = m - 98 + 38. Suppose -3 = -i + 12. Calculate the greatest common factor of m and i.
15
Suppose -106 + 26 = -4*t. What is the greatest common factor of 5 and t?
5
Suppose -349 = -2*u + 135. Calculate the greatest common factor of 22 and u.
22
Suppose v - 1 = 1. What is the greatest common factor of 62 and v?
2
Let m = 44 - 18. Calculate the greatest common divisor of m and 234.
26
Let z(g) = 72 - 15*g + 0*g**3 - g**3 + 14*g. Let a be z(0). What is the greatest common divisor of a and 9?
9
Suppose -2*k - 3*h - 5 = -2, -5*k - 4*h - 4 = 0. Suppose -2*l - 3*l + 825 = k. Let o = -28 + 43. Calculate the highest common factor of o and l.
15
Suppose -16 = -2*w - 0*w. Let t be ((-1)/(2/w))/(-2). Suppose 0 = -t*p + 79 + 61. Calculate the greatest common divisor of p and 10.
10
Let g(c) = 9*c. Let w be g(7). Suppose 2*l + 4*f = -28, 2*l + 70 = -3*l + 2*f. Let m be (-3)/2*l/3. Calculate the greatest common factor of m and w.
7
Let a be (180/14)/(5/35). What is the highest common factor of a and 18?
18
Let v = -222 - -465. What is the highest common factor of v and 27?
27
Let g(k) = 9 - 1 + 7*k + 2*k**2 - 3*k**2. Let x be g(8). Suppose x*q + 2 = q. What is the greatest common factor of 10 and q?
2
Let v be ((-8)/12)/((-4)/12). Calculate the highest common divisor of 3 and v.
1
Let a = 474 + -234. Calculate the greatest common factor of 30 and a.
30
Suppose b = 2*b - 4, 4*b = 2*m - 16. Suppose 3*i + 19 = 91. Calculate the greatest common factor of i and m.
8
Let g(h) = -8*h**3 - 2*h**2 + 1. Let t be g(-1). Let p = t - -6. Calculate the highest common divisor of 143 and p.
13
Let n(k) = k**3 - 11*k**2 + 10*k + 10. Let r be n(10). Suppose -5*h = -r*h + 10. Suppose 3 = h*i - 9. Calculate the highest common factor of i and 12.
6
Suppose -4*l - 18 = b, -24 = -3*b + 5*l + 7. Let j = 3 + -5. Let g be 7*2 - (2 + j). What is the greatest common divisor of b and g?
2
Let c(k) = -k**3 + 8*k**2 - k - 8. Let g be c(7). Calculate the greatest common factor of g and 85.
17
Let k = 40 - -22. Calculate the greatest common divisor of k and 2.
2
Let o(i) = -2*i + 5. Let m be o(2). Calculate the greatest common divisor of 5 and m.
1
Let q = -9 - -51. What is the greatest common divisor of q and 84?
42
Let a = -6 - 2. Let n(i) = -2*i - 11. Let u be n(a). Calculate the highest common factor of u and 5.
5
Let h(w) = -4*w**2 - 4*w + 2. Let u be h(3). Let r = u + 111. Let g = 16 - 3. Calculate the greatest common factor of g and r.
13
Let c be (1 - -1)*4 - 0. Let t = -13 - -2. Let h = 19 + t. Calculate the highest common factor of h and c.
8
Let w be ((-15)/(-2))/(3/6). Suppose -4*y = -w - 33. Suppose i = -2*n + 121, -3*i + 209 = 5*n - 94. What is the greatest common factor of n and y?
12
Suppose g - 10 = -4*g. Let r be (70/21)/(g/33). Let w = -10 - -21. Calculate the highest common factor of w and r.
11
Suppose -2*s - 14 = -4*s. Calculate the greatest common divisor of 35 and s.
7
Let o be (-1 + 3)/(3 + -2). Suppose -x - 25 = -o*x. What is the highest common divisor of 200 and x?
25
Let d be 9*2*4/12. Let w be ((-2)/(-3))/(1/d). Calculate the greatest common factor of w and 2.
2
Let l = -36 - -48. What is the greatest common factor of l and 6?
6
Let u(a) = a**3 - 6*a**2 - 12*a + 4. Let t(f) = f**2 - 1. Let w be t(3). Let h be u(w). Suppose l + h = 4*l. What is the greatest common factor of 36 and l?
12
Suppose -134 = -4*t + 194. Let v = -42 + t. Calculate the greatest common factor of 60 and v.
20
Let a be -1 - -1 - (-40 + 0). Let v(c) = 33*c - 6. Let i be v(2). What is the highest common divisor of i and a?
20
Let q(m) = -m - 1. Let b be q(-3). Suppose 4 = b*a - 4*a. Let r = 8 + a. What is the greatest common divisor of 3 and r?
3
Suppose v + 2*h = 14, 4*h - 3 = 1. Let u(m) be the second derivative of m**4/12 - 6*m. Let s be u(6). Calculate the highest common factor of s and v.
12
Suppose -3*s + 326 - 95 = 0. Suppose 70 = 2*n - h + 15, -2*h = n - 35. Let b = n - 18. What is the greatest common factor of s and b?
11
Let n(p) be the second derivative of 25*p**3/6 + p**2 + p. Let i be n(2). What is the greatest common divisor of i and 26?
26
Suppose -39 = -2*v - 21. What is the greatest common factor of 36 and v?
9
Suppose -6*o = -2*o - 252. What is the greatest common factor of o and 21?
21
Suppose 5*l - 55 = -3*c + 45, 3*c - 3*l = 84. What is the highest common factor of 270 and c?
30
Suppose -u + 7 - 4 = 0. Suppose -u*v + 48 = v. What is the highest common factor of 96 and v?
12
Let m = 55 + -15. What is the greatest common divisor of 100 and m?
20
Suppose -t + n = -1, -t + 0*t + 2*n = -1. What is the highest common divisor of t and 7?
1
Suppose